{"id":1002,"date":"2017-05-01T13:42:25","date_gmt":"2017-05-01T11:42:25","guid":{"rendered":"http:\/\/lachapelledaligne.com\/?page_id=1002"},"modified":"2026-01-06T16:25:50","modified_gmt":"2026-01-06T14:25:50","slug":"ecole","status":"publish","type":"page","link":"https:\/\/lachapelledaligne.com\/?page_id=1002","title":{"rendered":"Infos"},"content":{"rendered":"\n<h4 class=\"wp-block-heading has-black-color has-pale-pink-background-color has-text-color has-background\"><span style=\"color: #800080;\">Petits changements chez les enseignants de l&rsquo;\u00e9cole :<\/span><\/h4>\n\n\n\n<p class=\"has-text-align-left has-black-color has-cyan-bluish-gray-background-color has-text-color has-background\">Directeur :  Monsieur Denis Gaudin<\/p>\n\n\n\n<p class=\"has-pale-cyan-blue-background-color has-background\">Enseignants :<\/p>\n\n\n\n<p class=\"has-cyan-bluish-gray-background-color has-background\">CM1 &#8211; CM2 B: Madame Faustine Charrier<\/p>\n\n\n\n<p class=\"has-pale-cyan-blue-background-color has-background\">CM1- CM2 A: Monsieur Fleury<\/p>\n\n\n\n<p class=\"has-pale-cyan-blue-background-color has-background\">CE1 -CE2 B : Madame Sandra Bourbon<\/p>\n\n\n\n<p class=\"has-cyan-bluish-gray-background-color has-background\">CE1-CE2 A : Monsieur Denis Gaudin et Madame CHEVELLEAU<\/p>\n\n\n\n<p class=\"has-black-color has-pale-cyan-blue-background-color has-text-color has-background\">GS &#8211; CP B : Madame Marielle Raimbault<\/p>\n\n\n\n<p class=\"has-cyan-bluish-gray-background-color has-background\">GS &#8211; CP A : Madame Aur\u00e9lie Buon<\/p>\n\n\n\n<p class=\"has-pale-cyan-blue-background-color has-background\">MS: Madame Christelle Dolbeau<\/p>\n\n\n\n<p class=\"has-cyan-bluish-gray-background-color has-background\">TPS &#8211; PS : Madame Am\u00e9lie Faucheux<\/p>\n\n\n\n<div data-wp-interactive=\"core\/file\" class=\"wp-block-file\"><object data-wp-bind--hidden=\"!state.hasPdfPreview\" hidden class=\"wp-block-file__embed\" data=\"https:\/\/lachapelledaligne.com\/wp-content\/uploads\/2026\/01\/calendrier-scolaire-2025-2026-1.pdf\" type=\"application\/pdf\" style=\"width:100%;height:600px\" aria-label=\"Contenu embarqu\u00e9 calendrier-scolaire-2025-2026.\"><\/object><a id=\"wp-block-file--media-2b7e1a8e-c417-42b5-98af-74cee84a9178\" href=\"https:\/\/lachapelledaligne.com\/wp-content\/uploads\/2026\/01\/calendrier-scolaire-2025-2026-1.pdf\">calendrier-scolaire-2025-2026<\/a><a href=\"https:\/\/lachapelledaligne.com\/wp-content\/uploads\/2026\/01\/calendrier-scolaire-2025-2026-1.pdf\" class=\"wp-block-file__button wp-element-button\" download aria-describedby=\"wp-block-file--media-2b7e1a8e-c417-42b5-98af-74cee84a9178\">T\u00e9l\u00e9charger<\/a><\/div>\n\n\n\n<h5 class=\"wp-block-heading\"><span style=\"color: #008000;\">Service p\u00e9riscolaire:<\/span><\/h5>\n\n\n\n<h5 class=\"wp-block-heading\"><span style=\"color: #008000;\">Restauration :<\/span><\/h5>\n\n\n\n<p><span style=\"color: #0000ff;\">Centre de loisirs de Bazouges : 02 43 94 23 72 ou b.am.huau@orange.fr<\/span><\/p>\n\n\n\n<ul class=\"wp-block-list\">\n<li>Navette le mercredi midi, d\u00e9part \u00e9cole, retour par vos propres moyens.<\/li>\n\n\n\n<li><span style=\"color: #3366ff;\">GARDERIE :<\/span><br>Pr\u00e9sence \u00e0 la 1\/2 heure de garderie (payable \u00e0 familles rurales ou dans la bo\u00eete aux lettre grise de la garderie ): 0.60 \u20ac la 1\/2 heure ou 0.40 \u20ac la 1\/2 heure en fonction du quotient familial<\/li>\n\n\n\n<li>L&rsquo;accueil P\u00e9riscolaire pour l&rsquo;\u00e9cole de l&rsquo;Argance de La Chapelle d&rsquo;Align\u00e9 est ouvert du lundi au vendredi de 7h00 \u00e0 8h20 et de 16h20 \u00e0 18h30.<\/li>\n\n\n\n<li><a href=\"https:\/\/www.famillesrurales.org\/bazouges-sur-le-loir\/12\/accueil-periscolaire\">Accueil p\u00e9riscolaire | Association (famillesrurales.org)<\/a><\/li>\n\n\n\n<li><div class=\"entry\"><h5><span style=\"color: #ffcc00;\">Tarifs 2025-2026 restaurant scolaire :<\/span> <\/h5><\/div><\/li>\n\n\n\n<li>Tarif enfant r\u00e9gulier 4.00 \u20ac<\/li>\n\n\n\n<li>Tarif enfant occasionnel : 4.50 \u20ac<\/li>\n\n\n\n<li>Repas enfant allergique : 2.70 \u20ac<\/li>\n\n\n\n<li>Repas adulte : 6.15 \u20ac<br><\/li>\n<\/ul>\n","protected":false},"excerpt":{"rendered":"<p>Petits changements chez les enseignants de l&rsquo;\u00e9cole : Directeur : Monsieur Denis Gaudin Enseignants : CM1 &#8211; CM2 B: Madame Faustine Charrier CM1- CM2 A: Monsieur Fleury CE1 -CE2 B : Madame Sandra Bourbon CE1-CE2 A : Monsieur Denis Gaudin et Madame CHEVELLEAU GS &#8211; CP B : Madame Marielle Raimbault GS &#8211; CP A : Madame Aur\u00e9lie Buon MS: Madame Christelle Dolbeau TPS &#8211; PS : Madame Am\u00e9lie Faucheux Service p\u00e9riscolaire: Restauration : Centre de loisirs de Bazouges : 02 43 94 23 72 ou b.am.huau@orange.fr<\/p>\n","protected":false},"author":2,"featured_media":0,"parent":403,"menu_order":8,"comment_status":"closed","ping_status":"closed","template":"","meta":{"_monsterinsights_skip_tracking":false,"_monsterinsights_sitenote_active":false,"_monsterinsights_sitenote_note":"","_monsterinsights_sitenote_category":0,"footnotes":""},"class_list":["post-1002","page","type-page","status-publish","hentry"],"_links":{"self":[{"href":"https:\/\/lachapelledaligne.com\/index.php?rest_route=\/wp\/v2\/pages\/1002","targetHints":{"allow":["GET"]}}],"collection":[{"href":"https:\/\/lachapelledaligne.com\/index.php?rest_route=\/wp\/v2\/pages"}],"about":[{"href":"https:\/\/lachapelledaligne.com\/index.php?rest_route=\/wp\/v2\/types\/page"}],"author":[{"embeddable":true,"href":"https:\/\/lachapelledaligne.com\/index.php?rest_route=\/wp\/v2\/users\/2"}],"replies":[{"embeddable":true,"href":"https:\/\/lachapelledaligne.com\/index.php?rest_route=%2Fwp%2Fv2%2Fcomments&post=1002"}],"version-history":[{"count":96,"href":"https:\/\/lachapelledaligne.com\/index.php?rest_route=\/wp\/v2\/pages\/1002\/revisions"}],"predecessor-version":[{"id":5592,"href":"https:\/\/lachapelledaligne.com\/index.php?rest_route=\/wp\/v2\/pages\/1002\/revisions\/5592"}],"up":[{"embeddable":true,"href":"https:\/\/lachapelledaligne.com\/index.php?rest_route=\/wp\/v2\/pages\/403"}],"wp:attachment":[{"href":"https:\/\/lachapelledaligne.com\/index.php?rest_route=%2Fwp%2Fv2%2Fmedia&parent=1002"}],"curies":[{"name":"wp","href":"https:\/\/api.w.org\/{rel}","templated":true}]}}