{"id":1681,"date":"2015-04-18T10:44:58","date_gmt":"2015-04-18T08:44:58","guid":{"rendered":"http:\/\/lachapelledaligne.com\/?page_id=1681"},"modified":"2024-04-18T11:29:16","modified_gmt":"2024-04-18T09:29:16","slug":"vie-de-la-commune","status":"publish","type":"page","link":"https:\/\/lachapelledaligne.com\/?page_id=1681","title":{"rendered":"Vie de la commune"},"content":{"rendered":"\n<h2 class=\"wp-block-heading\">Un parcours de sant\u00e9 dans le Bois des Semis.<\/h2>\n\n\n\n<figure class=\"wp-block-image size-large\"><img loading=\"lazy\" decoding=\"async\" width=\"1024\" height=\"683\" src=\"https:\/\/lachapelledaligne.com\/wp-content\/uploads\/2021\/07\/IMG_7952-1024x683.jpg\" alt=\"\" class=\"wp-image-4782\" srcset=\"https:\/\/lachapelledaligne.com\/wp-content\/uploads\/2021\/07\/IMG_7952-1024x683.jpg 1024w, https:\/\/lachapelledaligne.com\/wp-content\/uploads\/2021\/07\/IMG_7952-300x200.jpg 300w, https:\/\/lachapelledaligne.com\/wp-content\/uploads\/2021\/07\/IMG_7952-768x512.jpg 768w, https:\/\/lachapelledaligne.com\/wp-content\/uploads\/2021\/07\/IMG_7952-1536x1024.jpg 1536w, https:\/\/lachapelledaligne.com\/wp-content\/uploads\/2021\/07\/IMG_7952.jpg 1920w\" sizes=\"auto, (max-width: 1024px) 100vw, 1024px\" \/><\/figure>\n\n\n\n<figure class=\"wp-block-image size-large\"><img loading=\"lazy\" decoding=\"async\" width=\"1024\" height=\"683\" src=\"https:\/\/lachapelledaligne.com\/wp-content\/uploads\/2021\/07\/IMG_7931-1024x683.jpg\" alt=\"\" class=\"wp-image-4781\" srcset=\"https:\/\/lachapelledaligne.com\/wp-content\/uploads\/2021\/07\/IMG_7931-1024x683.jpg 1024w, https:\/\/lachapelledaligne.com\/wp-content\/uploads\/2021\/07\/IMG_7931-300x200.jpg 300w, https:\/\/lachapelledaligne.com\/wp-content\/uploads\/2021\/07\/IMG_7931-768x512.jpg 768w, https:\/\/lachapelledaligne.com\/wp-content\/uploads\/2021\/07\/IMG_7931-1536x1024.jpg 1536w, https:\/\/lachapelledaligne.com\/wp-content\/uploads\/2021\/07\/IMG_7931.jpg 1920w\" sizes=\"auto, (max-width: 1024px) 100vw, 1024px\" \/><\/figure>\n\n\n\n<figure class=\"wp-block-image size-large\"><img loading=\"lazy\" decoding=\"async\" width=\"1024\" height=\"683\" src=\"https:\/\/lachapelledaligne.com\/wp-content\/uploads\/2021\/07\/IMG_7926-1024x683.jpg\" alt=\"\" class=\"wp-image-4779\" srcset=\"https:\/\/lachapelledaligne.com\/wp-content\/uploads\/2021\/07\/IMG_7926-1024x683.jpg 1024w, https:\/\/lachapelledaligne.com\/wp-content\/uploads\/2021\/07\/IMG_7926-300x200.jpg 300w, https:\/\/lachapelledaligne.com\/wp-content\/uploads\/2021\/07\/IMG_7926-768x512.jpg 768w, https:\/\/lachapelledaligne.com\/wp-content\/uploads\/2021\/07\/IMG_7926-1536x1024.jpg 1536w, https:\/\/lachapelledaligne.com\/wp-content\/uploads\/2021\/07\/IMG_7926.jpg 1920w\" sizes=\"auto, (max-width: 1024px) 100vw, 1024px\" \/><\/figure>\n\n\n<h3>C\u00e9r\u00e9monie du 8 mai\u00a0<\/h3>\n<p>Le 8 mai 1945, l&rsquo;Allemagne nazie signe la capitulation. Cette date marque la fin de six ann\u00e9es de conflit. Les Alli\u00e9s (la Grande-Bretagne, les Etats-Unis , l&rsquo;URSS, la France et la Chine) sortent victorieux de cette guerre.<\/p>\n<p><span style=\"color: #0000ff;\">Pourquoi ce jour est-il f\u00e9ri\u00e9 ?<\/span><br \/>Le 8 mai marque l&rsquo;anniversaire de la fin de la Seconde Guerre mondiale. Ce jour est devenu une f\u00eate nationale. Les \u00e9coles sont ferm\u00e9es et la plupart des gens ne travaillent pas. Mais cette date n&rsquo;a pas toujours \u00e9t\u00e9 f\u00e9ri\u00e9e et comm\u00e9mor\u00e9e. C&rsquo;est Fran\u00e7ois Mitterrand qui rendra cette journ\u00e9e f\u00e9ri\u00e9e, en 1981.<\/p>\n<p><span style=\"color: #0000ff;\">C&rsquo;est quoi, une c\u00e9r\u00e9monie ?<\/span><br \/>Les c\u00e9r\u00e9monies sont constitu\u00e9es de d\u00e9fil\u00e9s militaires et d&rsquo;un d\u00e9p\u00f4t de gerbe au pied des monuments aux morts et sur la tombe du Soldat inconnu. Cette tombe symbolise tous les soldats qui sont morts au combat et qui, pour la plupart, n&rsquo;ont pas \u00e9t\u00e9 retrouv\u00e9s par leur famille. Ces c\u00e9r\u00e9monies sont souvent organis\u00e9es par les mairies avec les associations d&rsquo;anciens combattants.<\/p>\n<p><span style=\"color: #0000ff;\">Le dico du jour :<\/span><br \/>Le mot \u00ab capitulation \u00bb vient du verbe \u00ab capituler \u00bb qui veut dire cesser de se battre. La capitulation, c&rsquo;est donc quand les soldats cessent de se battre. la synonyme de \u00ab capituler \u00bb et \u00ab se rendre \u00bb.<\/p>\n<p>\u00a0<\/p>\n<p><a href=\"https:\/\/lachapelledaligne.com\/?attachment_id=3777\" rel=\"attachment wp-att-3777\"><img loading=\"lazy\" decoding=\"async\" class=\"aligncenter size-medium wp-image-3777\" src=\"https:\/\/lachapelledaligne.com\/wp-content\/uploads\/2018\/05\/IMG_6421-min-300x200.jpg\" alt=\"\" width=\"300\" height=\"200\" srcset=\"https:\/\/lachapelledaligne.com\/wp-content\/uploads\/2018\/05\/IMG_6421-min-300x200.jpg 300w, https:\/\/lachapelledaligne.com\/wp-content\/uploads\/2018\/05\/IMG_6421-min-768x512.jpg 768w, https:\/\/lachapelledaligne.com\/wp-content\/uploads\/2018\/05\/IMG_6421-min-1024x683.jpg 1024w\" sizes=\"auto, (max-width: 300px) 100vw, 300px\" \/><\/a><\/p>\n<p>\u00a0<\/p>\n<p>\u00a0<\/p>\n<h3>Repas du CCAS :\u00a0<\/h3>\n<p>Comme chaque ann\u00e9e, le centre communal d&rsquo;action sociale de la commune a propos\u00e9 un repas aux a\u00een\u00e9s. Un moment de partage chaleureux organis\u00e9 et pr\u00e9par\u00e9 par la mairie et l&rsquo;\u00e9quipe du CCAS \u00e0 la salle des f\u00eates locale.<\/p>\n<p>Des retrouvailles qui donnent \u00e0 chacun l&rsquo;occasion d&rsquo;\u00e9changer et de prendre des nouvelles de personnes que l&rsquo;on n&rsquo;a pas l&rsquo;occasion de c\u00f4toyer r\u00e9guli\u00e8rement. Philippe DESLANDES, maire, des membres du centre communal d&rsquo;action sociale et quelques conseillers municipaux, ont accueilli les convives qui ont r\u00e9pondu positivement \u00e0 l&rsquo;invitation.<\/p>\n<p>\u00a0<\/p>\n<h3>\u00a0<\/h3>\n<h3>\u00a0<\/h3>\n<h3>\u00a0<\/h3>\n<p>\u00a0<\/p>\n<p>\u00a0<\/p>\n<p>\u00a0<\/p>\n<h6>\u00a0<\/h6>\n<div class=\"cartouche\">\n<div id=\"gallery-1\" class=\"gallery galleryid-1309 gallery-columns-3 gallery-size-thumbnail\">\u00a0<\/div>\n<\/div>\n<h1 class=\"h1 rub14\">\u00a0<\/h1>\n<p>\u00a0<\/p>\n<p>\u00a0<\/p>\n<p>\u00a0<\/p>\n<p>\u00a0<\/p>\n<p>\u00a0<\/p>\n<div class=\"descriptif\">\n<h5>\u00a0<\/h5>\n<\/div>\n<h2><span style=\"color: #800080;\">\u00a0<\/span><\/h2>\n<h1 style=\"text-align: center;\">\u00a0<\/h1>\n<h4 class=\"big mts mbs\" data-role=\"chapo\">\u00a0<\/h4>\n<p>\u00a0<\/p>\n<p>\u00a0<\/p>\n<h3>\u00a0<\/h3>\n<h3 style=\"text-align: center;\">\u00a0<\/h3>\n<p>\u00a0<\/p>\n<h4 style=\"text-align: center;\">\u00a0<\/h4>\n<p>\u00a0<\/p>\n\n","protected":false},"excerpt":{"rendered":"<p>Un parcours de sant\u00e9 dans le Bois des Semis. C\u00e9r\u00e9monie du 8 mai\u00a0 Le 8 mai 1945, l&rsquo;Allemagne nazie signe la capitulation. Cette date marque la fin de six ann\u00e9es de conflit. Les Alli\u00e9s (la Grande-Bretagne, les Etats-Unis , l&rsquo;URSS, la France et la Chine) sortent victorieux de cette guerre. Pourquoi ce jour est-il f\u00e9ri\u00e9 ?Le 8 mai marque l&rsquo;anniversaire de la fin de la Seconde Guerre mondiale. Ce jour est devenu une f\u00eate nationale. Les \u00e9coles sont ferm\u00e9es et la plupart des gens ne travaillent pas. Mais cette date n&rsquo;a pas toujours \u00e9t\u00e9 f\u00e9ri\u00e9e et comm\u00e9mor\u00e9e. C&rsquo;est Fran\u00e7ois Mitterrand qui rendra cette journ\u00e9e f\u00e9ri\u00e9e, en 1981. C&rsquo;est quoi, une c\u00e9r\u00e9monie ?Les c\u00e9r\u00e9monies sont constitu\u00e9es de d\u00e9fil\u00e9s militaires et d&rsquo;un d\u00e9p\u00f4t de gerbe au pied des monuments aux morts et sur la tombe du Soldat inconnu. Cette tombe symbolise tous les soldats qui sont morts au combat et qui, pour la plupart, n&rsquo;ont pas \u00e9t\u00e9 retrouv\u00e9s par leur famille. Ces c\u00e9r\u00e9monies sont souvent organis\u00e9es par les mairies avec les associations d&rsquo;anciens combattants. Le dico du jour :Le mot \u00ab capitulation \u00bb vient du verbe \u00ab capituler \u00bb qui veut dire cesser de se battre. La capitulation, c&rsquo;est donc quand les soldats cessent de se battre. la synonyme de \u00ab capituler \u00bb et \u00ab se rendre \u00bb. \u00a0 \u00a0 \u00a0 Repas du CCAS :\u00a0 Comme chaque ann\u00e9e, le centre communal d&rsquo;action sociale de la commune a propos\u00e9 un repas aux a\u00een\u00e9s. Un moment de partage chaleureux organis\u00e9 et pr\u00e9par\u00e9 par la mairie et l&rsquo;\u00e9quipe du CCAS \u00e0 la salle des f\u00eates locale. Des retrouvailles qui donnent \u00e0 chacun l&rsquo;occasion d&rsquo;\u00e9changer et de prendre des nouvelles de personnes que l&rsquo;on n&rsquo;a pas l&rsquo;occasion de c\u00f4toyer r\u00e9guli\u00e8rement. Philippe DESLANDES, maire, des membres du centre communal d&rsquo;action sociale et quelques conseillers municipaux, ont accueilli les convives qui ont r\u00e9pondu positivement \u00e0 l&rsquo;invitation. \u00a0 \u00a0 \u00a0 \u00a0 \u00a0 \u00a0 \u00a0 \u00a0 \u00a0 \u00a0 \u00a0 \u00a0 \u00a0 \u00a0 \u00a0 \u00a0 \u00a0 \u00a0 \u00a0 \u00a0 \u00a0 \u00a0 \u00a0 \u00a0 \u00a0 \u00a0<\/p>\n","protected":false},"author":2,"featured_media":0,"parent":7,"menu_order":0,"comment_status":"closed","ping_status":"closed","template":"","meta":{"_monsterinsights_skip_tracking":false,"_monsterinsights_sitenote_active":false,"_monsterinsights_sitenote_note":"","_monsterinsights_sitenote_category":0,"footnotes":""},"class_list":["post-1681","page","type-page","status-publish","hentry"],"_links":{"self":[{"href":"https:\/\/lachapelledaligne.com\/index.php?rest_route=\/wp\/v2\/pages\/1681","targetHints":{"allow":["GET"]}}],"collection":[{"href":"https:\/\/lachapelledaligne.com\/index.php?rest_route=\/wp\/v2\/pages"}],"about":[{"href":"https:\/\/lachapelledaligne.com\/index.php?rest_route=\/wp\/v2\/types\/page"}],"author":[{"embeddable":true,"href":"https:\/\/lachapelledaligne.com\/index.php?rest_route=\/wp\/v2\/users\/2"}],"replies":[{"embeddable":true,"href":"https:\/\/lachapelledaligne.com\/index.php?rest_route=%2Fwp%2Fv2%2Fcomments&post=1681"}],"version-history":[{"count":62,"href":"https:\/\/lachapelledaligne.com\/index.php?rest_route=\/wp\/v2\/pages\/1681\/revisions"}],"predecessor-version":[{"id":5224,"href":"https:\/\/lachapelledaligne.com\/index.php?rest_route=\/wp\/v2\/pages\/1681\/revisions\/5224"}],"up":[{"embeddable":true,"href":"https:\/\/lachapelledaligne.com\/index.php?rest_route=\/wp\/v2\/pages\/7"}],"wp:attachment":[{"href":"https:\/\/lachapelledaligne.com\/index.php?rest_route=%2Fwp%2Fv2%2Fmedia&parent=1681"}],"curies":[{"name":"wp","href":"https:\/\/api.w.org\/{rel}","templated":true}]}}

<h2 class="wp-block-heading">Un parcours de santé dans le Bois des Semis.</h2>



<figure class="wp-block-image size-large"><img loading="lazy" decoding="async" width="1024" height="683" src="https://lachapelledaligne.com/wp-content/uploads/2021/07/IMG_7952-1024x683.jpg" alt="" class="wp-image-4782" srcset="https://lachapelledaligne.com/wp-content/uploads/2021/07/IMG_7952-1024x683.jpg 1024w, https://lachapelledaligne.com/wp-content/uploads/2021/07/IMG_7952-300x200.jpg 300w, https://lachapelledaligne.com/wp-content/uploads/2021/07/IMG_7952-768x512.jpg 768w, https://lachapelledaligne.com/wp-content/uploads/2021/07/IMG_7952-1536x1024.jpg 1536w, https://lachapelledaligne.com/wp-content/uploads/2021/07/IMG_7952.jpg 1920w" sizes="auto, (max-width: 1024px) 100vw, 1024px" /></figure>



<figure class="wp-block-image size-large"><img loading="lazy" decoding="async" width="1024" height="683" src="https://lachapelledaligne.com/wp-content/uploads/2021/07/IMG_7931-1024x683.jpg" alt="" class="wp-image-4781" srcset="https://lachapelledaligne.com/wp-content/uploads/2021/07/IMG_7931-1024x683.jpg 1024w, https://lachapelledaligne.com/wp-content/uploads/2021/07/IMG_7931-300x200.jpg 300w, https://lachapelledaligne.com/wp-content/uploads/2021/07/IMG_7931-768x512.jpg 768w, https://lachapelledaligne.com/wp-content/uploads/2021/07/IMG_7931-1536x1024.jpg 1536w, https://lachapelledaligne.com/wp-content/uploads/2021/07/IMG_7931.jpg 1920w" sizes="auto, (max-width: 1024px) 100vw, 1024px" /></figure>



<figure class="wp-block-image size-large"><img loading="lazy" decoding="async" width="1024" height="683" src="https://lachapelledaligne.com/wp-content/uploads/2021/07/IMG_7926-1024x683.jpg" alt="" class="wp-image-4779" srcset="https://lachapelledaligne.com/wp-content/uploads/2021/07/IMG_7926-1024x683.jpg 1024w, https://lachapelledaligne.com/wp-content/uploads/2021/07/IMG_7926-300x200.jpg 300w, https://lachapelledaligne.com/wp-content/uploads/2021/07/IMG_7926-768x512.jpg 768w, https://lachapelledaligne.com/wp-content/uploads/2021/07/IMG_7926-1536x1024.jpg 1536w, https://lachapelledaligne.com/wp-content/uploads/2021/07/IMG_7926.jpg 1920w" sizes="auto, (max-width: 1024px) 100vw, 1024px" /></figure>


<h3>Cérémonie du 8 mai </h3>
<p>Le 8 mai 1945, l&rsquo;Allemagne nazie signe la capitulation. Cette date marque la fin de six années de conflit. Les Alliés (la Grande-Bretagne, les Etats-Unis , l&rsquo;URSS, la France et la Chine) sortent victorieux de cette guerre.</p>
<p><span style="color: #0000ff;">Pourquoi ce jour est-il férié ?</span><br />Le 8 mai marque l&rsquo;anniversaire de la fin de la Seconde Guerre mondiale. Ce jour est devenu une fête nationale. Les écoles sont fermées et la plupart des gens ne travaillent pas. Mais cette date n&rsquo;a pas toujours été fériée et commémorée. C&rsquo;est François Mitterrand qui rendra cette journée fériée, en 1981.</p>
<p><span style="color: #0000ff;">C&rsquo;est quoi, une cérémonie ?</span><br />Les cérémonies sont constituées de défilés militaires et d&rsquo;un dépôt de gerbe au pied des monuments aux morts et sur la tombe du Soldat inconnu. Cette tombe symbolise tous les soldats qui sont morts au combat et qui, pour la plupart, n&rsquo;ont pas été retrouvés par leur famille. Ces cérémonies sont souvent organisées par les mairies avec les associations d&rsquo;anciens combattants.</p>
<p><span style="color: #0000ff;">Le dico du jour :</span><br />Le mot « capitulation » vient du verbe « capituler » qui veut dire cesser de se battre. La capitulation, c&rsquo;est donc quand les soldats cessent de se battre. la synonyme de « capituler » et « se rendre ».</p>
<p> </p>
<p><a href="https://lachapelledaligne.com/?attachment_id=3777" rel="attachment wp-att-3777"><img loading="lazy" decoding="async" class="aligncenter size-medium wp-image-3777" src="https://lachapelledaligne.com/wp-content/uploads/2018/05/IMG_6421-min-300x200.jpg" alt="" width="300" height="200" srcset="https://lachapelledaligne.com/wp-content/uploads/2018/05/IMG_6421-min-300x200.jpg 300w, https://lachapelledaligne.com/wp-content/uploads/2018/05/IMG_6421-min-768x512.jpg 768w, https://lachapelledaligne.com/wp-content/uploads/2018/05/IMG_6421-min-1024x683.jpg 1024w" sizes="auto, (max-width: 300px) 100vw, 300px" /></a></p>
<p> </p>
<p> </p>
<h3>Repas du CCAS : </h3>
<p>Comme chaque année, le centre communal d&rsquo;action sociale de la commune a proposé un repas aux aînés. Un moment de partage chaleureux organisé et préparé par la mairie et l&rsquo;équipe du CCAS à la salle des fêtes locale.</p>
<p>Des retrouvailles qui donnent à chacun l&rsquo;occasion d&rsquo;échanger et de prendre des nouvelles de personnes que l&rsquo;on n&rsquo;a pas l&rsquo;occasion de côtoyer régulièrement. Philippe DESLANDES, maire, des membres du centre communal d&rsquo;action sociale et quelques conseillers municipaux, ont accueilli les convives qui ont répondu positivement à l&rsquo;invitation.</p>
<p> </p>
<h3> </h3>
<h3> </h3>
<h3> </h3>
<p> </p>
<p> </p>
<p> </p>
<h6> </h6>
<div class="cartouche">
<div id="gallery-1" class="gallery galleryid-1309 gallery-columns-3 gallery-size-thumbnail"> </div>
</div>
<h1 class="h1 rub14"> </h1>
<p> </p>
<p> </p>
<p> </p>
<p> </p>
<p> </p>
<div class="descriptif">
<h5> </h5>
</div>
<h2><span style="color: #800080;"> </span></h2>
<h1 style="text-align: center;"> </h1>
<h4 class="big mts mbs" data-role="chapo"> </h4>
<p> </p>
<p> </p>
<h3> </h3>
<h3 style="text-align: center;"> </h3>
<p> </p>
<h4 style="text-align: center;"> </h4>
<p> </p>

<p>Un parcours de santé dans le Bois des Semis. Cérémonie du 8 mai  Le 8 mai 1945, l&rsquo;Allemagne nazie signe la capitulation. Cette date marque la fin de six années de conflit. Les Alliés (la Grande-Bretagne, les Etats-Unis , l&rsquo;URSS, la France et la Chine) sortent victorieux de cette guerre. Pourquoi ce jour est-il férié ?Le 8 mai marque l&rsquo;anniversaire de la fin de la Seconde Guerre mondiale. Ce jour est devenu une fête nationale. Les écoles sont fermées et la plupart des gens ne travaillent pas. Mais cette date n&rsquo;a pas toujours été fériée et commémorée. C&rsquo;est François Mitterrand qui rendra cette journée fériée, en 1981. C&rsquo;est quoi, une cérémonie ?Les cérémonies sont constituées de défilés militaires et d&rsquo;un dépôt de gerbe au pied des monuments aux morts et sur la tombe du Soldat inconnu. Cette tombe symbolise tous les soldats qui sont morts au combat et qui, pour la plupart, n&rsquo;ont pas été retrouvés par leur famille. Ces cérémonies sont souvent organisées par les mairies avec les associations d&rsquo;anciens combattants. Le dico du jour :Le mot « capitulation » vient du verbe « capituler » qui veut dire cesser de se battre. La capitulation, c&rsquo;est donc quand les soldats cessent de se battre. la synonyme de « capituler » et « se rendre ».       Repas du CCAS :  Comme chaque année, le centre communal d&rsquo;action sociale de la commune a proposé un repas aux aînés. Un moment de partage chaleureux organisé et préparé par la mairie et l&rsquo;équipe du CCAS à la salle des fêtes locale. Des retrouvailles qui donnent à chacun l&rsquo;occasion d&rsquo;échanger et de prendre des nouvelles de personnes que l&rsquo;on n&rsquo;a pas l&rsquo;occasion de côtoyer régulièrement. Philippe DESLANDES, maire, des membres du centre communal d&rsquo;action sociale et quelques conseillers municipaux, ont accueilli les convives qui ont répondu positivement à l&rsquo;invitation.                                                    </p>
