{"id":7,"date":"2017-09-10T10:06:16","date_gmt":"2017-09-10T08:06:16","guid":{"rendered":"http:\/\/lachapelledaligne.com\/?page_id=7"},"modified":"2026-02-17T15:20:32","modified_gmt":"2026-02-17T13:20:32","slug":"la-mairie-communique","status":"publish","type":"page","link":"https:\/\/lachapelledaligne.com\/?page_id=7","title":{"rendered":"Pr\u00e9sentation de la commune"},"content":{"rendered":"\n<h5 class=\"wp-block-heading has-pale-cyan-blue-background-color has-background\">La Chapelle d&rsquo;Align\u00e9 est situ\u00e9e \u00e0 15 Kms de La Fl\u00e8che, 16 Kms de Sabl\u00e9, 42 Kms d\u2019Angers, 48 kms du Mans, et \u00e0 8 Kms de Durtal.<\/h5>\n\n\n\n<h4 class=\"wp-block-heading has-pale-cyan-blue-background-color has-background\">Superficie :<\/h4>\n\n\n\n<ul class=\"wp-block-list has-cyan-bluish-gray-background-color has-background\">\n<li>3304 hectares Population : 1757 habitants<\/li>\n<\/ul>\n\n\n\n<h4 class=\"wp-block-heading has-black-color has-pale-cyan-blue-background-color has-text-color has-background\">Gares :<\/h4>\n\n\n\n<ul class=\"wp-block-list has-cyan-bluish-gray-background-color has-background\">\n<li>Sabl\u00e9 \u2013 La Fl\u00e8che (ligne routi\u00e8re) &#8211; Marchandises : Sabl\u00e9<\/li>\n<\/ul>\n\n\n\n<h4 class=\"wp-block-heading has-pale-cyan-blue-background-color has-background\">Voyageurs :<\/h4>\n\n\n\n<ul class=\"wp-block-list has-cyan-bluish-gray-background-color has-background\">\n<li>Transports en Commun : T.I.S. Aller \u2013 Retour vers La Fl\u00e8che et Sabl\u00e9<\/li>\n\n\n\n<li>Autoroute : La Commune est travers\u00e9e par l\u2019autoroute \u00ab L\u2019Oc\u00e9ane \u00bb A11 Paris \u2013 Nantes et, l\u2019agglom\u00e9ration est \u00e0 5 min de l\u2019\u00e9changeur de Sabl\u00e9 \u2013 La Fl\u00e8che et 5 min de celui de Durtal (soit 2 et 4 Kms des limites de la Commune).<\/li>\n<\/ul>\n\n\n\n<h4 class=\"wp-block-heading has-pale-cyan-blue-background-color has-background\">Activit\u00e9s \u00e9conomiques :<\/h4>\n\n\n\n<ul class=\"wp-block-list has-cyan-bluish-gray-background-color has-background\">\n<li>agriculture : polyculture, \u00e9levage, arboriculture<\/li>\n<\/ul>\n\n\n<div class=\"wp-block-image\">\n<figure class=\"alignleft\"><a href=\"https:\/\/lachapelledaligne.com\/wp-content\/uploads\/2009\/09\/IMG_1820.jpg\"><img loading=\"lazy\" decoding=\"async\" width=\"300\" height=\"200\" src=\"https:\/\/lachapelledaligne.com\/wp-content\/uploads\/2009\/09\/IMG_1820-300x200.jpg\" alt=\"IMG_1820\" class=\"wp-image-1093\" srcset=\"https:\/\/lachapelledaligne.com\/wp-content\/uploads\/2009\/09\/IMG_1820-300x200.jpg 300w, https:\/\/lachapelledaligne.com\/wp-content\/uploads\/2009\/09\/IMG_1820-1024x682.jpg 1024w\" sizes=\"auto, (max-width: 300px) 100vw, 300px\" \/><\/a><\/figure>\n<\/div>\n\n\n<ul class=\"wp-block-list has-cyan-bluish-gray-background-color has-background\">\n<li>industries : Lindsay SA : usine de mat\u00e9riel d\u2019irrigation et tuyaux aluminium<\/li>\n\n\n\n<li>Zone d\u2019activit\u00e9s d\u2019Int\u00e9r\u00eat Communautaire de \u00ab L\u2019Aubri\u00e8re \u00bb \u00e0 5 min du \u00ab Parc Ouest \u00bb zone d\u2019activit\u00e9 d\u2019int\u00e9r\u00eat d\u00e9partemental et du P\u00f4le Hospitalier Sarthe Sud<\/li>\n<\/ul>\n\n\n\n<h4 class=\"wp-block-heading has-cyan-bluish-gray-background-color has-background\">March\u00e9 foncier :<\/h4>\n\n\n\n<ul class=\"wp-block-list has-cyan-bluish-gray-background-color has-background\">\n<li>Zone rurale, terres agricoles valeur 1200 \u00e0 2 500 \u20ac \/ hect.<\/li>\n\n\n\n<li>Zone urbaine, 10 \u00e0 35 \u20ac \/ m\u00b2<\/li>\n<\/ul>\n","protected":false},"excerpt":{"rendered":"<p>La Chapelle d&rsquo;Align\u00e9 est situ\u00e9e \u00e0 15 Kms de La Fl\u00e8che, 16 Kms de Sabl\u00e9, 42 Kms d\u2019Angers, 48 kms du Mans, et \u00e0 8 Kms de Durtal. Superficie : Gares : Voyageurs : Activit\u00e9s \u00e9conomiques : March\u00e9 foncier :<\/p>\n","protected":false},"author":3,"featured_media":0,"parent":0,"menu_order":1,"comment_status":"closed","ping_status":"closed","template":"","meta":{"_monsterinsights_skip_tracking":false,"_monsterinsights_sitenote_active":false,"_monsterinsights_sitenote_note":"","_monsterinsights_sitenote_category":0,"footnotes":""},"class_list":["post-7","page","type-page","status-publish","hentry"],"_links":{"self":[{"href":"https:\/\/lachapelledaligne.com\/index.php?rest_route=\/wp\/v2\/pages\/7","targetHints":{"allow":["GET"]}}],"collection":[{"href":"https:\/\/lachapelledaligne.com\/index.php?rest_route=\/wp\/v2\/pages"}],"about":[{"href":"https:\/\/lachapelledaligne.com\/index.php?rest_route=\/wp\/v2\/types\/page"}],"author":[{"embeddable":true,"href":"https:\/\/lachapelledaligne.com\/index.php?rest_route=\/wp\/v2\/users\/3"}],"replies":[{"embeddable":true,"href":"https:\/\/lachapelledaligne.com\/index.php?rest_route=%2Fwp%2Fv2%2Fcomments&post=7"}],"version-history":[{"count":36,"href":"https:\/\/lachapelledaligne.com\/index.php?rest_route=\/wp\/v2\/pages\/7\/revisions"}],"predecessor-version":[{"id":5621,"href":"https:\/\/lachapelledaligne.com\/index.php?rest_route=\/wp\/v2\/pages\/7\/revisions\/5621"}],"wp:attachment":[{"href":"https:\/\/lachapelledaligne.com\/index.php?rest_route=%2Fwp%2Fv2%2Fmedia&parent=7"}],"curies":[{"name":"wp","href":"https:\/\/api.w.org\/{rel}","templated":true}]}}