{"id":71,"date":"2017-09-14T16:45:21","date_gmt":"2017-09-14T14:45:21","guid":{"rendered":"http:\/\/lachapelledaligne.com\/?page_id=71"},"modified":"2024-10-09T08:28:27","modified_gmt":"2024-10-09T06:28:27","slug":"les-commercants","status":"publish","type":"page","link":"https:\/\/lachapelledaligne.com\/?page_id=71","title":{"rendered":"Nos commer\u00e7ants"},"content":{"rendered":"\n<figure class=\"wp-block-image size-large\"><img loading=\"lazy\" decoding=\"async\" width=\"1024\" height=\"768\" src=\"https:\/\/lachapelledaligne.com\/wp-content\/uploads\/2024\/05\/IMG_0051-1024x768.jpg\" alt=\"\" class=\"wp-image-5257\" srcset=\"https:\/\/lachapelledaligne.com\/wp-content\/uploads\/2024\/05\/IMG_0051-1024x768.jpg 1024w, https:\/\/lachapelledaligne.com\/wp-content\/uploads\/2024\/05\/IMG_0051-300x225.jpg 300w, https:\/\/lachapelledaligne.com\/wp-content\/uploads\/2024\/05\/IMG_0051-768x576.jpg 768w, https:\/\/lachapelledaligne.com\/wp-content\/uploads\/2024\/05\/IMG_0051-1536x1152.jpg 1536w, https:\/\/lachapelledaligne.com\/wp-content\/uploads\/2024\/05\/IMG_0051-2048x1536.jpg 2048w, https:\/\/lachapelledaligne.com\/wp-content\/uploads\/2024\/05\/IMG_0051-1140x855.jpg 1140w\" sizes=\"auto, (max-width: 1024px) 100vw, 1024px\" \/><\/figure>\n\n\n<h6>\u00a0<\/h6>\n<ul>\n<li><em><span style=\"text-decoration: underline;\">Boulangerie \u2013 P\u00e2tisserie<\/span> :<\/em> ATELIER DES SENS\u00a0 -&gt;2 avenue du poirier rouge<\/li>\n<\/ul>\n<p style=\"text-align: center;\"><a href=\"https:\/\/lachapelledaligne.com\/?attachment_id=5215\"><img loading=\"lazy\" decoding=\"async\" class=\"wp-image-5215 size-medium aligncenter\" src=\"https:\/\/lachapelledaligne.com\/wp-content\/uploads\/2024\/04\/INTERIEUR-BOULANGERIE-300x225.jpeg\" alt=\"\" width=\"300\" height=\"225\" srcset=\"https:\/\/lachapelledaligne.com\/wp-content\/uploads\/2024\/04\/INTERIEUR-BOULANGERIE-300x225.jpeg 300w, https:\/\/lachapelledaligne.com\/wp-content\/uploads\/2024\/04\/INTERIEUR-BOULANGERIE-1024x768.jpeg 1024w, https:\/\/lachapelledaligne.com\/wp-content\/uploads\/2024\/04\/INTERIEUR-BOULANGERIE-768x576.jpeg 768w, https:\/\/lachapelledaligne.com\/wp-content\/uploads\/2024\/04\/INTERIEUR-BOULANGERIE-1536x1152.jpeg 1536w, https:\/\/lachapelledaligne.com\/wp-content\/uploads\/2024\/04\/INTERIEUR-BOULANGERIE-2048x1536.jpeg 2048w, https:\/\/lachapelledaligne.com\/wp-content\/uploads\/2024\/04\/INTERIEUR-BOULANGERIE-1140x855.jpeg 1140w\" sizes=\"auto, (max-width: 300px) 100vw, 300px\" \/><\/a><\/p>\n<ul>\n<li><em><span style=\"text-decoration: underline;\">Boucherie \u2013 Charcuterie &#8211; \u00e9picerie <\/span> :<\/em> PERE LOUIS \u2013 2 avenue du poirier rouge<\/li>\n<\/ul>\n<p style=\"text-align: center;\"><a href=\"https:\/\/lachapelledaligne.com\/?attachment_id=5216\"><img loading=\"lazy\" decoding=\"async\" class=\"wp-image-5216 size-medium aligncenter\" src=\"https:\/\/lachapelledaligne.com\/wp-content\/uploads\/2024\/04\/INTERIEUR-PERE-LOUIS-1-300x225.jpeg\" alt=\"\" width=\"300\" height=\"225\" srcset=\"https:\/\/lachapelledaligne.com\/wp-content\/uploads\/2024\/04\/INTERIEUR-PERE-LOUIS-1-300x225.jpeg 300w, https:\/\/lachapelledaligne.com\/wp-content\/uploads\/2024\/04\/INTERIEUR-PERE-LOUIS-1-1024x768.jpeg 1024w, https:\/\/lachapelledaligne.com\/wp-content\/uploads\/2024\/04\/INTERIEUR-PERE-LOUIS-1-768x576.jpeg 768w, https:\/\/lachapelledaligne.com\/wp-content\/uploads\/2024\/04\/INTERIEUR-PERE-LOUIS-1-1536x1152.jpeg 1536w, https:\/\/lachapelledaligne.com\/wp-content\/uploads\/2024\/04\/INTERIEUR-PERE-LOUIS-1-2048x1536.jpeg 2048w, https:\/\/lachapelledaligne.com\/wp-content\/uploads\/2024\/04\/INTERIEUR-PERE-LOUIS-1-1140x855.jpeg 1140w\" sizes=\"auto, (max-width: 300px) 100vw, 300px\" \/><\/a><\/p>\n<ul>\n<li><em><span style=\"text-decoration: underline;\">Tabacs \u2013 Journaux \u2013 Papeterie<\/span> : <\/em>Mr FORGET Fabrice<br \/>(ferm\u00e9 les apr\u00e8s-midis du dimanche et du lundi)<\/li>\n<\/ul>\n<p><a href=\"https:\/\/lachapelledaligne.com\/wp-content\/uploads\/2009\/09\/IMG_1804.jpg\"><img loading=\"lazy\" decoding=\"async\" class=\"alignnone size-medium wp-image-981 aligncenter\" src=\"https:\/\/lachapelledaligne.com\/wp-content\/uploads\/2009\/09\/IMG_1804-300x200.jpg\" alt=\"IMG_1804\" width=\"300\" height=\"200\" srcset=\"https:\/\/lachapelledaligne.com\/wp-content\/uploads\/2009\/09\/IMG_1804-300x200.jpg 300w, https:\/\/lachapelledaligne.com\/wp-content\/uploads\/2009\/09\/IMG_1804-1024x682.jpg 1024w\" sizes=\"auto, (max-width: 300px) 100vw, 300px\" \/><\/a><\/p>\n<ul>\n<li><span style=\"text-decoration: underline;\">Station carburant -&gt; 2 avenue du poirier rouge<\/span><\/li>\n<li>Station de recharge \u00e9lectrique pour v\u00e9hicule -&gt; 2 avenue du poirier rouge<\/li>\n<li><span style=\"text-decoration: underline;\"><span style=\"text-decoration: underline;\">Pharmacie : Mme BRIANCEAU, 2 avenue du poirier rouge<\/span><\/span><\/li>\n<li>Coiffure H \/ F : Mr MARTIN, 2 avenue du poirier rouge<\/li>\n<li>Meubl\u00e9s de tourisme :<br \/>M. GUILLEUX (g\u00eete rural)<br \/>Mme AUBERT Raymonde (chambre d&rsquo;h\u00f4tes)<\/li>\n<li>\u00c9quipement \u2013 Maintenance Informatique<br \/>MICRO PLANET www.microplanet.f Mr GIROD<\/li>\n<li>Service informatique \u00e0 domicile :<br \/>www.auxilium-informatique.fr 07 70 48 70 40<\/li>\n<li>Poney Club \u00ab ATOUCRIN \u00bb Madame NIEL (06 89 78 85 48)<\/li>\n<li>Francisca , coiffeuse \u00e0 domicile , t\u00e9l 06 24 69 82 24<\/li>\n<\/ul>","protected":false},"excerpt":{"rendered":"<p>\u00a0 Boulangerie \u2013 P\u00e2tisserie : ATELIER DES SENS\u00a0 -&gt;2 avenue du poirier rouge Boucherie \u2013 Charcuterie &#8211; \u00e9picerie : PERE LOUIS \u2013 2 avenue du poirier rouge Tabacs \u2013 Journaux \u2013 Papeterie : Mr FORGET Fabrice(ferm\u00e9 les apr\u00e8s-midis du dimanche et du lundi) Station carburant -&gt; 2 avenue du poirier rouge Station de recharge \u00e9lectrique pour v\u00e9hicule -&gt; 2 avenue du poirier rouge Pharmacie : Mme BRIANCEAU, 2 avenue du poirier rouge Coiffure H \/ F : Mr MARTIN, 2 avenue du poirier rouge Meubl\u00e9s de tourisme :M. GUILLEUX (g\u00eete rural)Mme AUBERT Raymonde (chambre d&rsquo;h\u00f4tes) \u00c9quipement \u2013 Maintenance InformatiqueMICRO PLANET www.microplanet.f Mr GIROD Service informatique \u00e0 domicile :www.auxilium-informatique.fr 07 70 48 70 40 Poney Club \u00ab ATOUCRIN \u00bb Madame NIEL (06 89 78 85 48) Francisca , coiffeuse \u00e0 domicile , t\u00e9l 06 24 69 82 24<\/p>\n","protected":false},"author":3,"featured_media":0,"parent":0,"menu_order":5,"comment_status":"closed","ping_status":"closed","template":"","meta":{"_monsterinsights_skip_tracking":false,"_monsterinsights_sitenote_active":false,"_monsterinsights_sitenote_note":"","_monsterinsights_sitenote_category":0,"footnotes":""},"class_list":["post-71","page","type-page","status-publish","hentry"],"_links":{"self":[{"href":"https:\/\/lachapelledaligne.com\/index.php?rest_route=\/wp\/v2\/pages\/71","targetHints":{"allow":["GET"]}}],"collection":[{"href":"https:\/\/lachapelledaligne.com\/index.php?rest_route=\/wp\/v2\/pages"}],"about":[{"href":"https:\/\/lachapelledaligne.com\/index.php?rest_route=\/wp\/v2\/types\/page"}],"author":[{"embeddable":true,"href":"https:\/\/lachapelledaligne.com\/index.php?rest_route=\/wp\/v2\/users\/3"}],"replies":[{"embeddable":true,"href":"https:\/\/lachapelledaligne.com\/index.php?rest_route=%2Fwp%2Fv2%2Fcomments&post=71"}],"version-history":[{"count":32,"href":"https:\/\/lachapelledaligne.com\/index.php?rest_route=\/wp\/v2\/pages\/71\/revisions"}],"predecessor-version":[{"id":5350,"href":"https:\/\/lachapelledaligne.com\/index.php?rest_route=\/wp\/v2\/pages\/71\/revisions\/5350"}],"wp:attachment":[{"href":"https:\/\/lachapelledaligne.com\/index.php?rest_route=%2Fwp%2Fv2%2Fmedia&parent=71"}],"curies":[{"name":"wp","href":"https:\/\/api.w.org\/{rel}","templated":true}]}}